{"id":3,"date":"2026-02-19T15:14:51","date_gmt":"2026-02-19T15:14:51","guid":{"rendered":"https:\/\/wp.csonakjavitas.hu\/?page_id=3"},"modified":"2026-02-23T18:34:19","modified_gmt":"2026-02-23T18:34:19","slug":"privacy-policy","status":"publish","type":"page","link":"https:\/\/csonakjavitas.hu\/index.php\/services\/privacy-policy\/","title":{"rendered":"Adatkezel\u00e9si szab\u00e1lyzat"},"content":{"rendered":"\n<h2 class=\"wp-block-heading has-text-align-left\">ADATKEZEL\u00c9SI T\u00c1J\u00c9KOZTAT\u00d3 2019. november 26.<br>Cs\u00f3nakjav\u00edt\u00e1s Bt.<br>ADATKEZEL\u00c9SI T\u00c1J\u00c9KOZTAT\u00d3 AZ \u00c9RINTETT TERM\u00c9SZETES SZEM\u00c9LY JOGAIR\u00d3L<br>SZEM\u00c9LYES ADATAI KEZEL\u00c9SE VONATKOZ\u00c1S\u00c1BAN<br>A term\u00e9szetes szem\u00e9lyeknek a szem\u00e9lyes adatok kezel\u00e9se tekintet\u00e9ben t\u00f6rt\u00e9n\u0151 v\u00e9delm\u00e9r\u0151l<br>\u00e9s az ilyen adatok szabad \u00e1raml\u00e1s\u00e1r\u00f3l, valamint a 95\/46\/EK rendelet hat\u00e1lyon k\u00edv\u00fcl<br>helyez\u00e9s\u00e9r\u0151l sz\u00f3l\u00f3 AZ EUR\u00d3PAI PARLAMENT \u00c9S A TAN\u00c1CS (EU) 2016\/679 RENDELETE<br>el\u0151\u00edrja, hogy az Adatkezel\u0151 megfelel\u0151 int\u00e9zked\u00e9seket hoz annak \u00e9rdek\u00e9ben, hogy az \u00e9rintett<br>r\u00e9sz\u00e9re a szem\u00e9lyes adatok kezel\u00e9s\u00e9re vonatkoz\u00f3, minden egyes t\u00e1j\u00e9koztat\u00e1st t\u00f6m\u00f6r,<br>\u00e1tl\u00e1that\u00f3, \u00e9rthet\u0151 \u00e9s k\u00f6nnyen hozz\u00e1f\u00e9rhet\u0151 form\u00e1ban, vil\u00e1gosan \u00e9s k\u00f6z\u00e9rthet\u0151en<br>megfogalmazva ny\u00fajtsa, tov\u00e1bb\u00e1 hogy az Adatkezel\u0151 el\u0151seg\u00edti az \u00e9rintett jogainak a<br>gyakorl\u00e1s\u00e1t. Az \u00e9rintett el\u0151zetes t\u00e1j\u00e9koztat\u00e1si k\u00f6telezetts\u00e9g\u00e9t az inform\u00e1ci\u00f3s \u00f6nrendelkez\u00e9si<br>jogr\u00f3l \u00e9s az inform\u00e1ci\u00f3szabads\u00e1gr\u00f3l 2011. \u00e9vi CXII. t\u00f6rv\u00e9ny is el\u0151\u00edrja. Az al\u00e1bbiakban<br>olvashat\u00f3 t\u00e1j\u00e9koztat\u00e1ssal e jogszab\u00e1lyi k\u00f6telezetts\u00e9g\u00fcnknek tesz\u00fcnk eleget. A t\u00e1j\u00e9koztat\u00e1st<br>k\u00f6zz\u00e9 kell tenni a C\u00e9g\u00fcnk honlapj\u00e1n, vagy az \u00e9rintett szem\u00e9ly r\u00e9sz\u00e9re k\u00e9r\u00e9s\u00e9re meg kell<br>k\u00fcldeni.<br>Adatkezel\u0151:<br>Cs\u00f3nakjav\u00edt\u00e1s Bt.<br>Sz\u00e9khely: 1224 R\u00f3zsaszirom utca 4. fszt. 1.<br>Cg.: 01-06-619692<br>Ad\u00f3sz\u00e1m: 29113840-2-43<br>Telefonsz\u00e1m 06703171770<br>e-mail: info@csonakjavitas.hu<br>weboldal\/honlap c\u00edme: https:\/\/csonakjavtias.hu<br>(a tov\u00e1bbiakban: c\u00e9g\u00fcnk)<br>IT szolg\u00e1ltat\u00f3nk:<br>\u00dczemeltet\u0151: T\u00e1rhely.Eu Szolg\u00e1ltat\u00f3 Kft.<br>Szervertermek: 1097 Budapest K\u00f6nyves K\u00e1lm\u00e1n k\u00f6r\u00fat 12-14<br>1138 Budapest V\u00e1ci \u00fat 188.<br>C\u00e9gjegyz\u00e9ksz\u00e1m: 01-09-909968<br>Ad\u00f3sz\u00e1m: 14571332-2-42<br>honlap: https:\/\/tarhely.eu\/<br>Postai szolg\u00e1ltat\u00f3ink:<br>A szolg\u00e1ltat\u00f3: DPD Hung\u00e1ria Kft.<br>Sz\u00e9khelye: 1158 Budapest, K\u00e9sm\u00e1rk u. 14\/B.<br>Bejegyezve: DPD Hung\u00e1ria Fut\u00e1rpostai \u00e9s Csomagk\u00fcld\u0151 Szolg\u00e1ltat\u00f3 Kft.<br>Ad\u00f3sz\u00e1ma: 13034283-2-42<br>Magyar Posta Z\u00e1rtk\u00f6r\u0171en M\u0171k\u00f6d\u0151 R\u00e9szv\u00e9nyt\u00e1rsas\u00e1g<br>Sz\u00e9khelye: Budapest, 1138 Budapest, Dunavir\u00e1g utca 2-6.<br>Postac\u00edme: Budapest 1540<br>C\u00e9gjegyz\u00e9ksz\u00e1m: 01-10-042463<br>Szerz\u0151d\u0151 partnerek adatainak kezel\u00e9se \u2013 vev\u0151k, sz\u00e1ll\u00edt\u00f3k nyilv\u00e1ntart\u00e1sa A c\u00e9g\u00fcnk szerz\u0151d\u00e9s<br>teljes\u00edt\u00e9se jogc\u00edm\u00e9n a szerz\u0151d\u00e9s megk\u00f6t\u00e9se, teljes\u00edt\u00e9se, megsz\u0171n\u00e9se, szerz\u0151d\u00e9si kedvezm\u00e9ny<br>ny\u00fajt\u00e1sa c\u00e9lj\u00e1b\u00f3l kezeli a vele vev\u0151k\u00e9nt, sz\u00e1ll\u00edt\u00f3k\u00e9nt szerz\u0151d\u00f6tt term\u00e9szetes szem\u00e9ly nev\u00e9t,<br>sz\u00fclet\u00e9si nev\u00e9t, sz\u00fclet\u00e9si idej\u00e9t, anyja nev\u00e9t, lakc\u00edm\u00e9t, ad\u00f3azonos\u00edt\u00f3 jel\u00e9t, ad\u00f3sz\u00e1m\u00e1t,<br>v\u00e1llalkoz\u00f3i, \u0151stermel\u0151i igazolv\u00e1ny sz\u00e1m\u00e1t, szem\u00e9lyi igazolv\u00e1ny sz\u00e1m\u00e1t, lakc\u00edm\u00e9t, sz\u00e9khely,<br>telephely c\u00edm\u00e9t, telefonsz\u00e1m\u00e1t, e-mail c\u00edm\u00e9t, honlap-c\u00edm\u00e9t, banksz\u00e1mlasz\u00e1m\u00e1t, vev\u0151sz\u00e1m\u00e1t<br>(\u00fcgyf\u00e9lsz\u00e1m\u00e1t, rendel\u00e9ssz\u00e1m\u00e1t), online azonos\u00edt\u00f3j\u00e1t (vev\u0151k, sz\u00e1ll\u00edt\u00f3k list\u00e1ja, t\u00f6rzsv\u00e1s\u00e1rl\u00e1si<br>list\u00e1k), Ezen adatkezel\u00e9s jogszer\u0171nek min\u0151s\u00fcl akkor is, ha az adatkezel\u00e9s a szerz\u0151d\u00e9s<br>megk\u00f6t\u00e9s\u00e9t megel\u0151z\u0151en az \u00e9rintett k\u00e9r\u00e9s\u00e9re t\u00f6rt\u00e9n\u0151 l\u00e9p\u00e9sek megt\u00e9tel\u00e9hez sz\u00fcks\u00e9ges. A<br>szem\u00e9lyes adatok c\u00edmzettjei: a C\u00e9g\u00fcnk \u00fcgyf\u00e9lkiszolg\u00e1l\u00e1ssal kapcsolatos feladatokat ell\u00e1t\u00f3<br>munkav\u00e1llal\u00f3i, k\u00f6nyvel\u00e9si, ad\u00f3z\u00e1si feladatokat ell\u00e1t\u00f3 munkav\u00e1llal\u00f3i, \u00e9s adatfeldolgoz\u00f3i. A<br>szem\u00e9lyes adatok kezel\u00e9s\u00e9nek id\u0151tartama: a szerz\u0151d\u00e9s megsz\u0171n\u00e9s\u00e9t k\u00f6vet\u0151 5 \u00e9v. Az<br>\u00e9rintettel az adatkezel\u00e9s megkezd\u00e9se el\u0151tt k\u00f6z\u00f6lni kell, hogy az adatkezel\u00e9s a szerz\u0151d\u00e9s<br>teljes\u00edt\u00e9se jogc\u00edm\u00e9n alapul, az a t\u00e1j\u00e9koztat\u00e1s t\u00f6rt\u00e9nhet a szerz\u0151d\u00e9sben is. Az \u00e9rintettet<br>szem\u00e9lyes adatai adatfeldolgoz\u00f3 r\u00e9sz\u00e9re t\u00f6rt\u00e9n\u0151 \u00e1tad\u00e1s\u00e1r\u00f3l t\u00e1j\u00e9koztatni kell.<br>Jogi szem\u00e9ly \u00fcgyfelek, vev\u0151k, sz\u00e1ll\u00edt\u00f3k term\u00e9szetes szem\u00e9ly k\u00e9pvisel\u0151inek el\u00e9rhet\u0151s\u00e9gi<br>adatai. A kezelhet\u0151 szem\u00e9lyes adatok k\u00f6re: a term\u00e9szetes szem\u00e9ly neve, felhaszn\u00e1l\u00f3neve, email c\u00edme. A szem\u00e9lyes adatok kezel\u00e9s\u00e9nek c\u00e9lja: a C\u00e9g\u00fcnk jogi szem\u00e9ly partner\u00e9vel k\u00f6t\u00f6tt<br>szerz\u0151d\u00e9s teljes\u00edt\u00e9se, \u00fczleti kapcsolattart\u00e1s, jogalapja: az \u00e9rintett hozz\u00e1j\u00e1rul\u00e1sa. A szem\u00e9lyes<br>adatok c\u00edmzettjei, illetve a c\u00edmzettek kateg\u00f3ri\u00e1i: a C\u00e9g\u00fcnk \u00fcgyf\u00e9lszolg\u00e1lattal kapcsolatos<br>feladatokat ell\u00e1t\u00f3 munkav\u00e1llal\u00f3i. A szem\u00e9lyes adatok t\u00e1rol\u00e1s\u00e1nak id\u0151tartama: az \u00fczleti<br>kapcsolat, illetve az \u00e9rintett k\u00e9pvisel\u0151i min\u0151s\u00e9g\u00e9nek fenn\u00e1ll\u00e1s\u00e1t k\u00f6vet\u0151 5 \u00e9vig.<br>Regisztr\u00e1ci\u00f3 a C\u00e9g\u00fcnk honlapj\u00e1n. A honlapon a regisztr\u00e1l\u00f3 term\u00e9szetes szem\u00e9ly az e-mail<br>c\u00edm\u00e9vel adhatja meg hozz\u00e1j\u00e1rul\u00e1s\u00e1t szem\u00e9lyes adatai kezel\u00e9s\u00e9hez. A kezelhet\u0151 szem\u00e9lyes<br>adatok k\u00f6re: a term\u00e9szetes szem\u00e9ly neve (vezet\u00e9kn\u00e9v, keresztn\u00e9v), c\u00edme, telefonsz\u00e1ma, email c\u00edme, online azonos\u00edt\u00f3. A szem\u00e9lyes adatok kezel\u00e9s\u00e9nek c\u00e9lja: 1. A honlapon ny\u00fajtott<br>szolg\u00e1ltat\u00e1sok teljes\u00edt\u00e9se. 2. Kapcsolatfelv\u00e9tel, elektronikus, telefonos, SMS, \u00e9s postai<br>megkeres\u00e9ssel. 3. T\u00e1j\u00e9koztat\u00e1s a C\u00e9g\u00fcnk term\u00e9keir\u0151l, szolg\u00e1ltat\u00e1sair\u00f3l, szerz\u0151d\u00e9si<br>felt\u00e9teleir\u0151l, akci\u00f3ir\u00f3l. 4. Rekl\u00e1m-k\u00fcldem\u00e9ny a t\u00e1j\u00e9koztat\u00e1s sor\u00e1n elektronikusan \u00e9s postai<br>\u00faton k\u00fcldhet\u0151. 5. A honlap haszn\u00e1lat\u00e1nak elemz\u00e9se. Az adatkezel\u00e9s jogalapja az \u00e9rintett<br>hozz\u00e1j\u00e1rul\u00e1sa. A szem\u00e9lyes adatok t\u00e1rol\u00e1s\u00e1nak id\u0151tartama: a regisztr\u00e1ci\u00f3 \/ szolg\u00e1ltat\u00e1s<br>fenn\u00e1ll\u00e1s\u00e1ig, vagy az \u00e9rintett hozz\u00e1j\u00e1rul\u00e1sa visszavon\u00e1s\u00e1ig (t\u00f6rl\u00e9si k\u00e9relm\u00e9ig).<br>H\u00edrlev\u00e9l szolg\u00e1ltat\u00e1shoz kapcsol\u00f3d\u00f3 adatkezel\u00e9s A honlapon a h\u00edrlev\u00e9l szolg\u00e1ltat\u00e1sra<br>regisztr\u00e1l\u00f3 term\u00e9szetes szem\u00e9ly emailc\u00edm\u00e9vel adhatja meg hozz\u00e1j\u00e1rul\u00e1s\u00e1t szem\u00e9lyes adatai<br>kezel\u00e9s\u00e9hez. A h\u00edrlev\u00e9r\u0151l az \u00e9rintett a h\u00edrlev\u00e9lre egyetlen \u00fcres v\u00e1lasz\u00fczenet haszn\u00e1lat\u00e1val,<br>vagy \u00edr\u00e1sban, vagy e-mailben tett nyilatkozattal b\u00e1rmikor leiratkozhat, amely a hozz\u00e1j\u00e1rul\u00e1s<br>visszavon\u00e1s\u00e1t jelenti. Ilyen esetben a leiratkoz\u00f3 minden adat\u00e1t halad\u00e9ktalanul t\u00f6r\u00f6lni kell. A<br>kezelhet\u0151 szem\u00e9lyes adatok k\u00f6re: a term\u00e9szetes szem\u00e9ly neve, felhaszn\u00e1l\u00f3neve, e-mail c\u00edme.<br>A szem\u00e9lyes adatok kezel\u00e9s\u00e9nek c\u00e9lja: H\u00edrlev\u00e9l k\u00fcld\u00e9se a C\u00e9g\u00fcnk term\u00e9kei, szolg\u00e1ltat\u00e1sai<br>t\u00e1rgy\u00e1ban Rekl\u00e1manyag k\u00fcld\u00e9se. Az adatkezel\u00e9s jogalapja: az \u00e9rintett hozz\u00e1j\u00e1rul\u00e1sa. A<br>szem\u00e9lyes adatok t\u00e1rol\u00e1s\u00e1nak id\u0151tartama: a h\u00edrlev\u00e9l-szolg\u00e1ltat\u00e1s fenn\u00e1ll\u00e1s\u00e1ig, vagy az<br>\u00e9rintett hozz\u00e1j\u00e1rul\u00e1sa visszavon\u00e1s\u00e1ig (t\u00f6rl\u00e9si k\u00e9relm\u00e9ig).<br>K\u00f6z\u00f6ss\u00e9gi ir\u00e1nyelvek \/ Adatkezel\u00e9s a C\u00e9g\u00fcnk Facebook oldal\u00e1n. A C\u00e9g\u00fcnk term\u00e9kei,<br>szolg\u00e1ltat\u00e1sai megismertet\u00e9se, n\u00e9pszer\u0171s\u00edt\u00e9se c\u00e9lj\u00e1b\u00f3l Facebook oldalt tart fenn. A C\u00e9g\u00fcnk<br>Facebook oldalon felett k\u00e9rd\u00e9s nem min\u0151s\u00fcl hivatalosan beny\u00fajtott panasznak. A C\u00e9g\u00fcnk<br>Facebook oldal\u00e1n a l\u00e1togat\u00f3k \u00e1ltal k\u00f6zz\u00e9tett szem\u00e9lyes adatokat a C\u00e9g\u00fcnk nem kezeli. A<br>l\u00e1togat\u00f3kra a Facebook Adatv\u00e9delmi- \u00e9s Szolg\u00e1ltat\u00e1si Felt\u00e9telei ir\u00e1nyad\u00f3k. Jogellenes, vagy<br>s\u00e9rt\u0151 tartalom publik\u00e1l\u00e1sa eset\u00e9n a C\u00e9g\u00fcnk el\u0151zetes \u00e9rtes\u00edt\u00e9s n\u00e9lk\u00fcl kiz\u00e1rhatja az \u00e9rintettet a<br>tagok k\u00f6z\u00fcl, vagy t\u00f6r\u00f6lheti hozz\u00e1sz\u00f3l\u00e1s\u00e1t. A C\u00e9g\u00fcnk nem felel a Facebook felhaszn\u00e1l\u00f3k \u00e1ltal<br>k\u00f6zz\u00e9tett jogszab\u00e1lyt s\u00e9rt\u0151 adattartalmak\u00e9rt, hozz\u00e1sz\u00f3l\u00e1sok\u00e9rt. A C\u00e9g\u00fcnk nem felel<br>semmilyen, a Facebook m\u0171k\u00f6d\u00e9s\u00e9b\u0151l ad\u00f3d\u00f3 hib\u00e1\u00e9rt, \u00fczemzavar\u00e9rt vagy a rendszer<br>m\u0171k\u00f6d\u00e9s\u00e9nek megv\u00e1ltoztat\u00e1s\u00e1b\u00f3l fakad\u00f3 probl\u00e9m\u00e1\u00e9rt.<br>Adatkezel\u00e9s ad\u00f3- \u00e9s sz\u00e1mviteli k\u00f6telezetts\u00e9gek teljes\u00edt\u00e9se c\u00e9lj\u00e1b\u00f3l. A C\u00e9g\u00fcnk jogi<br>k\u00f6telezetts\u00e9g teljes\u00edt\u00e9se jogc\u00edm\u00e9n, t\u00f6rv\u00e9nyben el\u0151\u00edrt ad\u00f3 \u00e9s sz\u00e1mviteli k\u00f6telezetts\u00e9gek<br>teljes\u00edt\u00e9se (k\u00f6nyvel\u00e9s, ad\u00f3z\u00e1s) c\u00e9lj\u00e1b\u00f3l kezeli a vev\u0151k\u00e9nt, sz\u00e1ll\u00edt\u00f3k\u00e9nt vele \u00fczleti kapcsolatba<br>l\u00e9p\u0151 term\u00e9szetes szem\u00e9lyek t\u00f6rv\u00e9nyben meghat\u00e1rozott adatait. A kezelt adatok az \u00e1ltal\u00e1nos<br>forgalmi ad\u00f3r\u00f3l sz\u00f3l\u00f3 2017. \u00e9vi CXXVII. tv. 169.\u00a7, \u00e9s 202.\u00a7-a alapj\u00e1n k\u00fcl\u00f6n\u00f6sen: ad\u00f3sz\u00e1m,<br>n\u00e9v, c\u00edm, ad\u00f3z\u00e1si st\u00e1tusz, a sz\u00e1mvitelr\u0151l sz\u00f3l\u00f3 2000. \u00e9vi C. t\u00f6rv\u00e9ny 167.\u00a7-a alapj\u00e1n: n\u00e9v,<br>c\u00edm, a gazdas\u00e1gi m\u0171veletet elrendel\u0151 szem\u00e9ly vagy szervezet megjel\u00f6l\u00e9se, az utalv\u00e1nyoz\u00f3 \u00e9s<br>a rendelkez\u00e9s v\u00e9grehajt\u00e1s\u00e1t igazol\u00f3 szem\u00e9ly, valamint a szervezett\u0151l f\u00fcgg\u0151en az ellen\u0151r<br>al\u00e1\u00edr\u00e1sa; a k\u00e9szletmozg\u00e1sok bizonylatain \u00e9s a p\u00e9nzkezel\u00e9si bizonylatokon az \u00e1tvev\u0151, az<br>ellennyugt\u00e1kon a befizet\u0151 al\u00e1\u00edr\u00e1sa, a szem\u00e9lyi j\u00f6vedelemad\u00f3r\u00f3l sz\u00f3l\u00f3 1995. \u00e9vi CXVII.<br>t\u00f6rv\u00e9ny alapj\u00e1n: v\u00e1llalkoz\u00f3i igazolv\u00e1ny sz\u00e1ma, \u0151stermel\u0151i igazolv\u00e1ny sz\u00e1ma, ad\u00f3azonos\u00edt\u00f3<br>jel. A szem\u00e9lyes adatok t\u00e1rol\u00e1s\u00e1nak id\u0151tartama a jogalapot ad\u00f3 jogviszony megsz\u0171n\u00e9s\u00e9t<br>k\u00f6vet\u0151 8 \u00e9v. A szem\u00e9lyes adatok c\u00edmzettjei: a C\u00e9g\u00fcnk ad\u00f3z\u00e1si, k\u00f6nyvviteli, b\u00e9rsz\u00e1mfejt\u00e9si,<br>t\u00e1rsadalombiztos\u00edt\u00e1si feladatait ell\u00e1t\u00f3 munkav\u00e1llal\u00f3i \u00e9s adatfeldolgoz\u00f3i.<br>A Lev\u00e9lt\u00e1ri t\u00f6rv\u00e9ny szerint maradand\u00f3 \u00e9rt\u00e9k\u0171 iratokra vonatkoz\u00f3 adatkezel\u00e9s. A C\u00e9g\u00fcnk jogi<br>k\u00f6telezetts\u00e9ge teljes\u00edt\u00e9se jogc\u00edm\u00e9n kezeli a k\u00f6ziratokr\u00f3l, a k\u00f6zlev\u00e9lt\u00e1rakr\u00f3l \u00e9s a<br>mag\u00e1nlev\u00e9lt\u00e1ri anyag v\u00e9delm\u00e9r\u0151l sz\u00f3l\u00f3 1995. \u00e9vi LXVI. t\u00f6rv\u00e9ny (Lev\u00e9lt\u00e1ri t\u00f6rv\u00e9ny) szerint<br>maradand\u00f3 \u00e9rt\u00e9k\u0171nek min\u0151s\u00fcl\u0151 iratait abb\u00f3l a c\u00e9lb\u00f3l, hogy a C\u00e9g\u00fcnk iratt\u00e1ri anyag\u00e1nak<br>maradand\u00f3 \u00e9rt\u00e9k\u0171 r\u00e9sze \u00e9ps\u00e9gben \u00e9s haszn\u00e1lhat\u00f3 \u00e1llapotban a j\u00f6v\u0151 nemzed\u00e9kei sz\u00e1m\u00e1ra is<br>fennmaradjon. Az adatt\u00e1rol\u00e1s ideje: a k\u00f6zlev\u00e9lt\u00e1r r\u00e9sz\u00e9re t\u00f6rt\u00e9n\u0151 \u00e1tad\u00e1sig. A szem\u00e9lyes<br>adatok c\u00edmzettjeire \u00e9s az adatkezel\u00e9s egy\u00e9b k\u00e9rd\u00e9seire a Lev\u00e9lt\u00e1ri t\u00f6rv\u00e9ny ir\u00e1nyad\u00f3.<br>AZ ADATKEZEL\u0150 INT\u00c9ZKED\u00c9SEI<br>Az Adatkezel\u0151 indokolatlan k\u00e9sedelem n\u00e9lk\u00fcl, de mindenf\u00e9lek\u00e9ppen a k\u00e9relem be\u00e9rkez\u00e9s\u00e9t\u0151l<br>sz\u00e1m\u00edtott egy h\u00f3napon bel\u00fcl t\u00e1j\u00e9koztatja az \u00e9rintettet a jogai gyakorl\u00e1s\u00e1ra ir\u00e1nyul\u00f3 k\u00e9relme<br>nyom\u00e1n hozott int\u00e9zked\u00e9sekr\u0151l. Sz\u00fcks\u00e9g eset\u00e9n, figyelembe v\u00e9ve a k\u00e9relem \u00f6sszetetts\u00e9g\u00e9t<br>\u00e9s a k\u00e9relmek sz\u00e1m\u00e1t, ez a hat\u00e1rid\u0151 tov\u00e1bbi k\u00e9t h\u00f3nappal meghosszabb\u00edthat\u00f3. A hat\u00e1rid\u0151<br>meghosszabb\u00edt\u00e1s\u00e1r\u00f3l az Adatkezel\u0151 a k\u00e9sedelem okainak megjel\u00f6l\u00e9s\u00e9vel a k\u00e9relem<br>k\u00e9zhezv\u00e9tel\u00e9t\u0151l sz\u00e1m\u00edtott egy h\u00f3napon bel\u00fcl t\u00e1j\u00e9koztatja az \u00e9rintettet. Ha az \u00e9rintett<br>elektronikus \u00faton ny\u00fajtotta be a k\u00e9relmet, a t\u00e1j\u00e9koztat\u00e1st lehet\u0151s\u00e9g szerint elektronikus \u00faton<br>kell megadni, kiv\u00e9ve, ha az \u00e9rintett azt m\u00e1sk\u00e9nt k\u00e9ri. Ha az Adatkezel\u0151 nem tesz<br>int\u00e9zked\u00e9seket az \u00e9rintett k\u00e9relme nyom\u00e1n, k\u00e9sedelem n\u00e9lk\u00fcl, de legk\u00e9s\u0151bb a k\u00e9relem<br>be\u00e9rkez\u00e9s\u00e9t\u0151l sz\u00e1m\u00edtott egy h\u00f3napon bel\u00fcl t\u00e1j\u00e9koztatja az \u00e9rintettet az int\u00e9zked\u00e9s<br>elmarad\u00e1s\u00e1nak okair\u00f3l, valamint arr\u00f3l, hogy az \u00e9rintett panaszt ny\u00fajthat be valamely<br>fel\u00fcgyeleti hat\u00f3s\u00e1gn\u00e1l, \u00e9s \u00e9lhet b\u00edr\u00f3s\u00e1gi jogorvoslati jog\u00e1val. Az Adatkezel\u0151 a Rendelet<br>szerinti inform\u00e1ci\u00f3kat \u00e9s az \u00e9rintett jogair\u00f3l sz\u00f3l\u00f3 t\u00e1j\u00e9koztat\u00e1st \u00e9s int\u00e9zked\u00e9st d\u00edjmentesen<br>biztos\u00edtja. Ha az \u00e9rintett k\u00e9relme egy\u00e9rtelm\u0171en megalapozatlan vagy \u2013 k\u00fcl\u00f6n\u00f6sen ism\u00e9tl\u0151d\u0151<br>jellege miatt \u2013 t\u00falz\u00f3, az Adatkezel\u0151, figyelemmel a k\u00e9rt inform\u00e1ci\u00f3 vagy t\u00e1j\u00e9koztat\u00e1s<br>ny\u00fajt\u00e1s\u00e1val vagy a k\u00e9rt int\u00e9zked\u00e9s meghozatal\u00e1val j\u00e1r\u00f3 adminisztrat\u00edv k\u00f6lts\u00e9gekre: 5.000,- Ft<br>azaz \u00f6tezer Forint \u00f6sszeg\u0171 d\u00edjat sz\u00e1m\u00edthat fel, vagy megtagadhatja a k\u00e9relem alapj\u00e1n t\u00f6rt\u00e9n\u0151<br>int\u00e9zked\u00e9st. A k\u00e9relem egy\u00e9rtelm\u0171en megalapozatlan vagy t\u00falz\u00f3 jelleg\u00e9nek bizony\u00edt\u00e1sa az<br>Adatkezel\u0151t terheli. Ha az Adatkezel\u0151nek megalapozott k\u00e9ts\u00e9gei vannak a k\u00e9relmet beny\u00fajt\u00f3<br>term\u00e9szetes szem\u00e9ly kil\u00e9t\u00e9vel kapcsolatban, tov\u00e1bbi, az \u00e9rintett szem\u00e9lyazonoss\u00e1g\u00e1nak<br>meger\u0151s\u00edt\u00e9s\u00e9hez sz\u00fcks\u00e9ges inform\u00e1ci\u00f3k ny\u00fajt\u00e1s\u00e1t k\u00e9rheti.<\/h2>\n","protected":false},"excerpt":{"rendered":"<p>ADATKEZEL\u00c9SI T\u00c1J\u00c9KOZTAT\u00d3 2019. november 26.Cs\u00f3nakjav\u00edt\u00e1s Bt.ADATKEZEL\u00c9SI T\u00c1J\u00c9KOZTAT\u00d3 AZ \u00c9RINTETT TERM\u00c9SZETES SZEM\u00c9LY JOGAIR\u00d3LSZEM\u00c9LYES ADATAI KEZEL\u00c9SE VONATKOZ\u00c1S\u00c1BANA term\u00e9szetes szem\u00e9lyeknek a szem\u00e9lyes adatok kezel\u00e9se tekintet\u00e9ben t\u00f6rt\u00e9n\u0151 v\u00e9delm\u00e9r\u0151l\u00e9s az ilyen adatok szabad \u00e1raml\u00e1s\u00e1r\u00f3l, valamint a 95\/46\/EK rendelet hat\u00e1lyon k\u00edv\u00fclhelyez\u00e9s\u00e9r\u0151l sz\u00f3l\u00f3 AZ EUR\u00d3PAI PARLAMENT \u00c9S A TAN\u00c1CS (EU) 2016\/679 RENDELETEel\u0151\u00edrja, hogy az Adatkezel\u0151 megfelel\u0151 int\u00e9zked\u00e9seket hoz annak \u00e9rdek\u00e9ben, hogy az [&hellip;]<\/p>\n","protected":false},"author":1,"featured_media":0,"parent":1914,"menu_order":0,"comment_status":"closed","ping_status":"closed","template":"","meta":{"footnotes":""},"class_list":["post-3","page","type-page","status-publish","hentry"],"jetpack_sharing_enabled":true,"_links":{"self":[{"href":"https:\/\/csonakjavitas.hu\/index.php\/wp-json\/wp\/v2\/pages\/3","targetHints":{"allow":["GET"]}}],"collection":[{"href":"https:\/\/csonakjavitas.hu\/index.php\/wp-json\/wp\/v2\/pages"}],"about":[{"href":"https:\/\/csonakjavitas.hu\/index.php\/wp-json\/wp\/v2\/types\/page"}],"author":[{"embeddable":true,"href":"https:\/\/csonakjavitas.hu\/index.php\/wp-json\/wp\/v2\/users\/1"}],"replies":[{"embeddable":true,"href":"https:\/\/csonakjavitas.hu\/index.php\/wp-json\/wp\/v2\/comments?post=3"}],"version-history":[{"count":0,"href":"https:\/\/csonakjavitas.hu\/index.php\/wp-json\/wp\/v2\/pages\/3\/revisions"}],"up":[{"embeddable":true,"href":"https:\/\/csonakjavitas.hu\/index.php\/wp-json\/wp\/v2\/pages\/1914"}],"wp:attachment":[{"href":"https:\/\/csonakjavitas.hu\/index.php\/wp-json\/wp\/v2\/media?parent=3"}],"curies":[{"name":"wp","href":"https:\/\/api.w.org\/{rel}","templated":true}]}}