{"id":4952,"date":"2026-02-23T15:53:52","date_gmt":"2026-02-23T15:53:52","guid":{"rendered":"https:\/\/wp.csonakjavitas.hu\/?post_type=product&#038;p=4952"},"modified":"2026-02-23T15:53:55","modified_gmt":"2026-02-23T15:53:55","slug":"mono-concept-dwf-c-mo06-173cm","status":"publish","type":"product","link":"https:\/\/csonakjavitas.hu\/index.php\/termek\/mono-concept-dwf-c-mo06-173cm\/","title":{"rendered":"Mono Concept DWF C-MO06 173cm"},"content":{"rendered":"<p>nagynyom\u00e1s\u00fa technol\u00f3gia, DropStich az oldalfal. Ha b\u00e1rhol jobb \u00e1ron megtal\u00e1ln\u00e1 k\u00e9rj\u00fck jelezze, hogy jav\u00edtsuk az \u00e1rat!<\/p>\n","protected":false},"excerpt":{"rendered":"<p>nagynyom\u00e1s\u00fa technol\u00f3gia, DropStich az oldalfal. Ha b\u00e1rhol jobb \u00e1ron megtal\u00e1ln\u00e1 k\u00e9rj\u00fck jelezze, hogy jav\u00edtsuk az \u00e1rat!<\/p>\n","protected":false},"featured_media":229,"comment_status":"open","ping_status":"closed","template":"","meta":[],"product_brand":[],"product_cat":[68],"product_tag":[],"class_list":{"0":"post-4952","1":"product","2":"type-product","3":"status-publish","4":"has-post-thumbnail","6":"product_cat-mspa","8":"first","9":"instock","10":"taxable","11":"shipping-taxable","12":"purchasable","13":"product-type-simple"},"jetpack_sharing_enabled":true,"_links":{"self":[{"href":"https:\/\/csonakjavitas.hu\/index.php\/wp-json\/wp\/v2\/product\/4952","targetHints":{"allow":["GET"]}}],"collection":[{"href":"https:\/\/csonakjavitas.hu\/index.php\/wp-json\/wp\/v2\/product"}],"about":[{"href":"https:\/\/csonakjavitas.hu\/index.php\/wp-json\/wp\/v2\/types\/product"}],"replies":[{"embeddable":true,"href":"https:\/\/csonakjavitas.hu\/index.php\/wp-json\/wp\/v2\/comments?post=4952"}],"wp:featuredmedia":[{"embeddable":true,"href":"https:\/\/csonakjavitas.hu\/index.php\/wp-json\/wp\/v2\/media\/229"}],"wp:attachment":[{"href":"https:\/\/csonakjavitas.hu\/index.php\/wp-json\/wp\/v2\/media?parent=4952"}],"wp:term":[{"taxonomy":"product_brand","embeddable":true,"href":"https:\/\/csonakjavitas.hu\/index.php\/wp-json\/wp\/v2\/product_brand?post=4952"},{"taxonomy":"product_cat","embeddable":true,"href":"https:\/\/csonakjavitas.hu\/index.php\/wp-json\/wp\/v2\/product_cat?post=4952"},{"taxonomy":"product_tag","embeddable":true,"href":"https:\/\/csonakjavitas.hu\/index.php\/wp-json\/wp\/v2\/product_tag?post=4952"}],"curies":[{"name":"wp","href":"https:\/\/api.w.org\/{rel}","templated":true}]}}