{"id":5535,"date":"2026-02-23T15:55:52","date_gmt":"2026-02-23T15:55:52","guid":{"rendered":"https:\/\/wp.csonakjavitas.hu\/?post_type=product&#038;p=5535"},"modified":"2026-02-23T15:55:54","modified_gmt":"2026-02-23T15:55:54","slug":"octopus-2022-rattan5set-749999","status":"publish","type":"product","link":"https:\/\/csonakjavitas.hu\/index.php\/termek\/octopus-2022-rattan5set-749999\/","title":{"rendered":"Octopus 2022 (rattan5set 749999)"},"content":{"rendered":"<p>Ritkas\u00e1g a kateg\u00f3ri\u00e1ban:  egyed\u00fcl\u00e1ll\u00f3 felf\u00faj\u00e1s mentes hab fal, 2 \u00e9v garanci\u00e1val minden elem\u00e9re!<br \/>\nItt a katal\u00f3gusnak kell automatikusan megny\u00edlnia. Ha nem l\u00e1tja, k\u00e9rem friss\u00edtse az oldalt! {pdf=http:\/\/csonakjavitas.hu\/images\/katalog\/NetSpa_catalog_2020.pdf|1000|300|google}<\/p>\n","protected":false},"excerpt":{"rendered":"<p>Ritkas\u00e1g a kateg\u00f3ri\u00e1ban: egyed\u00fcl\u00e1ll\u00f3 felf\u00faj\u00e1s mentes hab fal, 2 \u00e9v garanci\u00e1val minden elem\u00e9re! Itt a katal\u00f3gusnak kell automatikusan megny\u00edlnia. Ha nem l\u00e1tja, k\u00e9rem friss\u00edtse az oldalt! {pdf=http:\/\/csonakjavitas.hu\/images\/katalog\/NetSpa_catalog_2020.pdf|1000|300|google}<\/p>\n","protected":false},"featured_media":280,"comment_status":"open","ping_status":"closed","template":"","meta":[],"product_brand":[],"product_cat":[78],"product_tag":[],"class_list":{"0":"post-5535","1":"product","2":"type-product","3":"status-publish","4":"has-post-thumbnail","6":"product_cat-netspa","8":"first","9":"instock","10":"taxable","11":"shipping-taxable","12":"purchasable","13":"product-type-simple"},"jetpack_sharing_enabled":true,"_links":{"self":[{"href":"https:\/\/csonakjavitas.hu\/index.php\/wp-json\/wp\/v2\/product\/5535","targetHints":{"allow":["GET"]}}],"collection":[{"href":"https:\/\/csonakjavitas.hu\/index.php\/wp-json\/wp\/v2\/product"}],"about":[{"href":"https:\/\/csonakjavitas.hu\/index.php\/wp-json\/wp\/v2\/types\/product"}],"replies":[{"embeddable":true,"href":"https:\/\/csonakjavitas.hu\/index.php\/wp-json\/wp\/v2\/comments?post=5535"}],"wp:featuredmedia":[{"embeddable":true,"href":"https:\/\/csonakjavitas.hu\/index.php\/wp-json\/wp\/v2\/media\/280"}],"wp:attachment":[{"href":"https:\/\/csonakjavitas.hu\/index.php\/wp-json\/wp\/v2\/media?parent=5535"}],"wp:term":[{"taxonomy":"product_brand","embeddable":true,"href":"https:\/\/csonakjavitas.hu\/index.php\/wp-json\/wp\/v2\/product_brand?post=5535"},{"taxonomy":"product_cat","embeddable":true,"href":"https:\/\/csonakjavitas.hu\/index.php\/wp-json\/wp\/v2\/product_cat?post=5535"},{"taxonomy":"product_tag","embeddable":true,"href":"https:\/\/csonakjavitas.hu\/index.php\/wp-json\/wp\/v2\/product_tag?post=5535"}],"curies":[{"name":"wp","href":"https:\/\/api.w.org\/{rel}","templated":true}]}}