{"id":5630,"date":"2026-02-23T15:56:11","date_gmt":"2026-02-23T15:56:11","guid":{"rendered":"https:\/\/wp.csonakjavitas.hu\/?post_type=product&#038;p=5630"},"modified":"2026-02-23T15:56:14","modified_gmt":"2026-02-23T15:56:14","slug":"art-12-6-avo-sup-384x76x15-cm","status":"publish","type":"product","link":"https:\/\/csonakjavitas.hu\/index.php\/termek\/art-12-6-avo-sup-384x76x15-cm\/","title":{"rendered":"ART 12.6 AVO SUP 384x76x15 cm"},"content":{"rendered":"<p>Pr\u00e9mium term\u00e9k, k\u00e9rlek keress az \u00e1rhoz! 703171770<br \/>\nItt a katal\u00f3gusnak kell automatikusan megny\u00edlnia. Ha nem l\u00e1tja, k\u00e9rem friss\u00edtse az oldalt!  {pdf=http:\/\/csonakjavitas.hu\/images\/katalog\/gladiator_sup.pdf|1000|300|google}<\/p>\n","protected":false},"excerpt":{"rendered":"<p>Pr\u00e9mium term\u00e9k, k\u00e9rlek keress az \u00e1rhoz! 703171770 Itt a katal\u00f3gusnak kell automatikusan megny\u00edlnia. Ha nem l\u00e1tja, k\u00e9rem friss\u00edtse az oldalt! {pdf=http:\/\/csonakjavitas.hu\/images\/katalog\/gladiator_sup.pdf|1000|300|google}<\/p>\n","protected":false},"featured_media":0,"comment_status":"open","ping_status":"closed","template":"","meta":[],"product_brand":[],"product_cat":[80],"product_tag":[],"class_list":{"0":"post-5630","1":"product","2":"type-product","3":"status-publish","5":"product_cat-gladiator-sup","7":"first","8":"instock","9":"taxable","10":"shipping-taxable","11":"product-type-simple"},"jetpack_sharing_enabled":true,"_links":{"self":[{"href":"https:\/\/csonakjavitas.hu\/index.php\/wp-json\/wp\/v2\/product\/5630","targetHints":{"allow":["GET"]}}],"collection":[{"href":"https:\/\/csonakjavitas.hu\/index.php\/wp-json\/wp\/v2\/product"}],"about":[{"href":"https:\/\/csonakjavitas.hu\/index.php\/wp-json\/wp\/v2\/types\/product"}],"replies":[{"embeddable":true,"href":"https:\/\/csonakjavitas.hu\/index.php\/wp-json\/wp\/v2\/comments?post=5630"}],"wp:attachment":[{"href":"https:\/\/csonakjavitas.hu\/index.php\/wp-json\/wp\/v2\/media?parent=5630"}],"wp:term":[{"taxonomy":"product_brand","embeddable":true,"href":"https:\/\/csonakjavitas.hu\/index.php\/wp-json\/wp\/v2\/product_brand?post=5630"},{"taxonomy":"product_cat","embeddable":true,"href":"https:\/\/csonakjavitas.hu\/index.php\/wp-json\/wp\/v2\/product_cat?post=5630"},{"taxonomy":"product_tag","embeddable":true,"href":"https:\/\/csonakjavitas.hu\/index.php\/wp-json\/wp\/v2\/product_tag?post=5630"}],"curies":[{"name":"wp","href":"https:\/\/api.w.org\/{rel}","templated":true}]}}