{"id":5665,"date":"2026-02-23T15:56:17","date_gmt":"2026-02-23T15:56:17","guid":{"rendered":"https:\/\/wp.csonakjavitas.hu\/?post_type=product&#038;p=5665"},"modified":"2026-03-26T08:12:30","modified_gmt":"2026-03-26T08:12:30","slug":"protruar-4-0-g-24v-130lbs-elektromos-csonakmotor","status":"publish","type":"product","link":"https:\/\/csonakjavitas.hu\/index.php\/termek\/protruar-4-0-g-24v-130lbs-elektromos-csonakmotor\/","title":{"rendered":"Protruar 4.0 G 24V 130LBS elektromos cs\u00f3nakmotor"},"content":{"rendered":"<p>A kor\u00e1bbi motorokkal ellent\u00e9tben a 4-nek 1000 mm hossz\u00fa, rozsdamentes ac\u00e9l sz\u00e1ra van. Term\u00e9szetesen a mer\u00fcl\u00e9s m\u00e9lys\u00e9ge a teljes hosszban \u00e1ll\u00edthat\u00f3.<\/p>\n<p>A kiv\u00e1lasztott helyzet z\u00e1r\u00e1sa egyszer\u0171 \u00e9s hat\u00e9kony forg\u00f3kapcsol\u00f3val val\u00f3sul meg.<\/p>\n<p>Fokozatmentes sebess\u00e9gszab\u00e1lyoz\u00e1s.<\/p>\n<p>A kefe n\u00e9lk\u00fcli technol\u00f3gia el\u0151nyei nagyobb hat\u00e9konys\u00e1g\u00faak (nagyobb teljes\u00edtm\u00e9ny kisebb fogyaszt\u00e1ssal), kevesebb kop\u00e1s \u00e9s hosszabb \u00e9lettartam v\u00e1rhat\u00f3, mint a sz\u00e9nkef\u00e9s v\u00e1ltozatokn\u00e1l.<\/p>\n<p>Az \u00fajratervezett, integr\u00e1lt alum\u00ednium peremmel rendelkez\u0151\u00a0\u00a0motorh\u00e1z nemcsak nagy szil\u00e1rds\u00e1g\u00fa, hanem \u00e1raml\u00e1soptimaliz\u00e1lt is.<\/p>\n<p>&nbsp;<\/p>\n<p><strong>Tulajdons\u00e1gok:<\/strong><\/p>\n<p>Tol\u00f3er\u0151:\u00a0130 libra, cca 59 kp, 4 l\u00f3er\u0151<br \/>\nSebess\u00e9g fokozatok:\u00a0fokozatmentes<br \/>\nMaxim\u00e1lis fordulat:\u00a01100 \/ perc<br \/>\nMax. \u00e1ramfogyaszt\u00e1s:\u00a050-75 A<br \/>\n\u00dczemeltet\u00e9si fesz\u00fclts\u00e9g:\u00a024 volt DC<br \/>\nLedes, 5 fokozat\u00fa akkumul\u00e1tor t\u00f6lt\u00f6tts\u00e9g kijelz\u0151<br \/>\nBiztons\u00e1gi propeller, amely r\u00f6gz\u00edt\u00e9se leakad\u00e1skor, \u00fctk\u00f6z\u00e9skor kiold, ez\u00e1ltal a propeller nem s\u00e9r\u00fcl<br \/>\nCsendes, r\u00e1zk\u00f3d\u00e1smentes m\u0171k\u00f6d\u00e9s<br \/>\nGyors z\u00e1r seg\u00edts\u00e9g\u00e9vel \u00e1ll\u00edthat\u00f3 magass\u00e1g<br \/>\nRozsdamentes ac\u00e9l sz\u00e1r<br \/>\n3 level\u0171, 23,5 cm \u00e1tm\u00e9r\u0151j\u0171, h\u00edn\u00e1r \u00e9s damil v\u00e1g\u00f3 propeller<br \/>\nSz\u00e1rhossz: 900 mm<br \/>\nJavasolt cs\u00f3nakhossz:\u00a0max. 7,5 m\u00e9terig<br \/>\nMotor teljes\u00edtm\u00e9ny max:\u00a01800W<br \/>\nZajszint:\u00a0max. 75dB<br \/>\nD\u00f6nthet\u0151s\u00e9g:\u00a07 fokozat\u00fa, \u00e1ll\u00edthat\u00f3<br \/>\nAkkumul\u00e1tor k\u00e1bel hossza: 1,6 m<br \/>\nS\u00faly:\u00a08,38 kg<\/p>\n<p>&nbsp;<\/p>\n","protected":false},"excerpt":{"rendered":"<p>A kor\u00e1bbi motorokkal ellent\u00e9tben a 4-nek 1000 mm hossz\u00fa, rozsdamentes ac\u00e9l sz\u00e1ra van. Term\u00e9szetesen a mer\u00fcl\u00e9s m\u00e9lys\u00e9ge a teljes hosszban \u00e1ll\u00edthat\u00f3. A kiv\u00e1lasztott helyzet z\u00e1r\u00e1sa egyszer\u0171 \u00e9s hat\u00e9kony forg\u00f3kapcsol\u00f3val val\u00f3sul meg. Fokozatmentes sebess\u00e9gszab\u00e1lyoz\u00e1s. A kefe n\u00e9lk\u00fcli technol\u00f3gia el\u0151nyei nagyobb hat\u00e9konys\u00e1g\u00faak (nagyobb teljes\u00edtm\u00e9ny kisebb fogyaszt\u00e1ssal), kevesebb kop\u00e1s \u00e9s hosszabb \u00e9lettartam v\u00e1rhat\u00f3, mint a sz\u00e9nkef\u00e9s v\u00e1ltozatokn\u00e1l. Az [&hellip;]<\/p>\n","protected":false},"featured_media":6041,"comment_status":"open","ping_status":"closed","template":"","meta":[],"product_brand":[],"product_cat":[81],"product_tag":[],"class_list":{"0":"post-5665","1":"product","2":"type-product","3":"status-publish","4":"has-post-thumbnail","6":"product_cat-haswing","8":"first","9":"instock","10":"taxable","11":"shipping-taxable","12":"purchasable","13":"product-type-simple"},"jetpack_sharing_enabled":true,"_links":{"self":[{"href":"https:\/\/csonakjavitas.hu\/index.php\/wp-json\/wp\/v2\/product\/5665","targetHints":{"allow":["GET"]}}],"collection":[{"href":"https:\/\/csonakjavitas.hu\/index.php\/wp-json\/wp\/v2\/product"}],"about":[{"href":"https:\/\/csonakjavitas.hu\/index.php\/wp-json\/wp\/v2\/types\/product"}],"replies":[{"embeddable":true,"href":"https:\/\/csonakjavitas.hu\/index.php\/wp-json\/wp\/v2\/comments?post=5665"}],"wp:featuredmedia":[{"embeddable":true,"href":"https:\/\/csonakjavitas.hu\/index.php\/wp-json\/wp\/v2\/media\/6041"}],"wp:attachment":[{"href":"https:\/\/csonakjavitas.hu\/index.php\/wp-json\/wp\/v2\/media?parent=5665"}],"wp:term":[{"taxonomy":"product_brand","embeddable":true,"href":"https:\/\/csonakjavitas.hu\/index.php\/wp-json\/wp\/v2\/product_brand?post=5665"},{"taxonomy":"product_cat","embeddable":true,"href":"https:\/\/csonakjavitas.hu\/index.php\/wp-json\/wp\/v2\/product_cat?post=5665"},{"taxonomy":"product_tag","embeddable":true,"href":"https:\/\/csonakjavitas.hu\/index.php\/wp-json\/wp\/v2\/product_tag?post=5665"}],"curies":[{"name":"wp","href":"https:\/\/api.w.org\/{rel}","templated":true}]}}