{"id":5667,"date":"2026-02-23T15:56:17","date_gmt":"2026-02-23T15:56:17","guid":{"rendered":"https:\/\/wp.csonakjavitas.hu\/?post_type=product&#038;p=5667"},"modified":"2026-03-03T12:07:22","modified_gmt":"2026-03-03T12:07:22","slug":"ventura-f-5-0-24v-160-lbs-tavvezerelt-elektromos-csonakmotor","status":"publish","type":"product","link":"https:\/\/csonakjavitas.hu\/index.php\/termek\/ventura-f-5-0-24v-160-lbs-tavvezerelt-elektromos-csonakmotor\/","title":{"rendered":"Ventura F 5.0 24V 160 LBS t\u00e1vvez\u00e9relt elektromos cs\u00f3nakmotor"},"content":{"rendered":"<p>A Haswing Ventura egy \u00fajonnan kifejlesztett, t\u00e1vkaros 5 LE benzines motornak megfelel\u0151 teljes\u00edtm\u00e9ny\u0171 elektromos motor. 24V teljes\u00edtm\u00e9ny\u00e9nek k\u00f6sz\u00f6nhet\u0151en kateg\u00f3ri\u00e1j\u00e1ban rendk\u00edv\u00fcl er\u0151s, \u00fczembiztons\u00e1g\u00e1t a sz\u00e9nkefementes motor biztos\u00edtja.<\/p>\n<p>2 db l\u00edtiumionos akkumul\u00e1torral \u00fczemeltetve (nem tartoz\u00e9k), az \u00e1ramfelv\u00e9tele is rendk\u00edv\u00fcl kedvez\u0151, mik\u00f6zben hatalmas teljes\u00edtm\u00e9nyt tud biztos\u00edtani. \u00d3lomakkumul\u00e1torok haszn\u00e1latakor viszont legal\u00e1bb 2x200Ah sz\u00fcks\u00e9ges, a legkiv\u00e1l\u00f3bb teljes\u00edtm\u00e9ny el\u00e9r\u00e9s\u00e9hez.<\/p>\n<p>A motor a Z kart tartalmazza, \u00edgy a hagyom\u00e1nyos tol\u00f3rudas korm\u00e1nybovdenhez csatlakoztathat\u00f3.<\/p>\n<p>&nbsp;<\/p>\n<p><strong>Tulajdons\u00e1gok:<\/strong><\/p>\n<ul>\n<li>Fokozatmentes sebess\u00e9gvez\u00e9rl\u00e9s<\/li>\n<li>Fesz\u00fclts\u00e9g: 24V<\/li>\n<li>Max. cs\u00f3nakt\u00f6meg: 3500 kg<\/li>\n<li>Tengely hossza: v\u00e1laszthat\u00f3 630 vagy 760 mm<\/li>\n<li>Motor teljes\u00edtm\u00e9ny (folyamatos \/ max): 2400W ~ 2520W<\/li>\n<li>Tengely anyaga: alum\u00ednium<\/li>\n<li>Teljes\u00edtm\u00e9ny \/ tol\u00f3er\u0151 (kp \/ W): 72,5 kp tol\u00f3er\u0151 (160 font)<\/li>\n<li>\u00c1ramfogyaszt\u00e1s (max): 100A ~ 105A (l\u00edtium akkumul\u00e1torok 60Ah-t\u00f3l \/ AGM elemek 200Ah-t\u00f3l)<\/li>\n<li>\u00dczemi fesz\u00fclts\u00e9g: 24V DC<\/li>\n<li>Fesz\u00fclts\u00e9gtolerancia: 17V &#8211; 26V<\/li>\n<li>Motor fordulatsz\u00e1m: max.\u00a01450rpm<\/li>\n<li>Zajszint: max.\u00a055db<\/li>\n<li>7 fokozatban \u00e1ll\u00edthat\u00f3<\/li>\n<li>Akkumul\u00e1tor k\u00e1bel: 1,6 m<\/li>\n<li>S\u00faly: 15,7 kg<\/li>\n<li>T\u00f6lt\u00e9svez\u00e9rl\u0151 kijelz\u0151vel<\/li>\n<\/ul>\n","protected":false},"excerpt":{"rendered":"<p>A Haswing Ventura egy \u00fajonnan kifejlesztett, t\u00e1vkaros 5 LE benzines motornak megfelel\u0151 teljes\u00edtm\u00e9ny\u0171 elektromos motor. 24V teljes\u00edtm\u00e9ny\u00e9nek k\u00f6sz\u00f6nhet\u0151en kateg\u00f3ri\u00e1j\u00e1ban rendk\u00edv\u00fcl er\u0151s, \u00fczembiztons\u00e1g\u00e1t a sz\u00e9nkefementes motor biztos\u00edtja. 2 db l\u00edtiumionos akkumul\u00e1torral \u00fczemeltetve (nem tartoz\u00e9k), az \u00e1ramfelv\u00e9tele is rendk\u00edv\u00fcl kedvez\u0151, mik\u00f6zben hatalmas teljes\u00edtm\u00e9nyt tud biztos\u00edtani. \u00d3lomakkumul\u00e1torok haszn\u00e1latakor viszont legal\u00e1bb 2x200Ah sz\u00fcks\u00e9ges, a legkiv\u00e1l\u00f3bb teljes\u00edtm\u00e9ny el\u00e9r\u00e9s\u00e9hez. A motor [&hellip;]<\/p>\n","protected":false},"featured_media":6066,"comment_status":"open","ping_status":"closed","template":"","meta":[],"product_brand":[],"product_cat":[81],"product_tag":[],"class_list":{"0":"post-5667","1":"product","2":"type-product","3":"status-publish","4":"has-post-thumbnail","6":"product_cat-haswing","8":"first","9":"instock","10":"taxable","11":"shipping-taxable","12":"purchasable","13":"product-type-simple"},"jetpack_sharing_enabled":true,"_links":{"self":[{"href":"https:\/\/csonakjavitas.hu\/index.php\/wp-json\/wp\/v2\/product\/5667","targetHints":{"allow":["GET"]}}],"collection":[{"href":"https:\/\/csonakjavitas.hu\/index.php\/wp-json\/wp\/v2\/product"}],"about":[{"href":"https:\/\/csonakjavitas.hu\/index.php\/wp-json\/wp\/v2\/types\/product"}],"replies":[{"embeddable":true,"href":"https:\/\/csonakjavitas.hu\/index.php\/wp-json\/wp\/v2\/comments?post=5667"}],"wp:featuredmedia":[{"embeddable":true,"href":"https:\/\/csonakjavitas.hu\/index.php\/wp-json\/wp\/v2\/media\/6066"}],"wp:attachment":[{"href":"https:\/\/csonakjavitas.hu\/index.php\/wp-json\/wp\/v2\/media?parent=5667"}],"wp:term":[{"taxonomy":"product_brand","embeddable":true,"href":"https:\/\/csonakjavitas.hu\/index.php\/wp-json\/wp\/v2\/product_brand?post=5667"},{"taxonomy":"product_cat","embeddable":true,"href":"https:\/\/csonakjavitas.hu\/index.php\/wp-json\/wp\/v2\/product_cat?post=5667"},{"taxonomy":"product_tag","embeddable":true,"href":"https:\/\/csonakjavitas.hu\/index.php\/wp-json\/wp\/v2\/product_tag?post=5667"}],"curies":[{"name":"wp","href":"https:\/\/api.w.org\/{rel}","templated":true}]}}