{"id":5703,"date":"2026-02-23T15:56:27","date_gmt":"2026-02-23T15:56:27","guid":{"rendered":"https:\/\/wp.csonakjavitas.hu\/?post_type=product&#038;p=5703"},"modified":"2026-03-10T13:23:03","modified_gmt":"2026-03-10T13:23:03","slug":"bf-5-shnu-csonakmotor","status":"publish","type":"product","link":"https:\/\/csonakjavitas.hu\/index.php\/termek\/bf-5-shnu-csonakmotor\/","title":{"rendered":"Honda BF 5\u00a0SHNU\u00a0cs\u00f3nakmotor"},"content":{"rendered":"<div id=\"comp-jvxo1cx8\" class=\"_1Q9if\" data-testid=\"richTextElement\">\n<p class=\"font_7\"><span class=\"color_15\"><strong>Hihetetlen\u00fcl praktikus<\/strong><\/span><\/p>\n<p>Ugyanaz a motor, amely elviszi a tenger k\u00f6zep\u00e9re, bef\u00e9r az aut\u00f3j\u00e1ba! K\u00f6nny\u0171 s\u00faly\u00e1nak \u00e9s az ergonomikus hordoz\u00f3 foganty\u00fanak k\u00f6sz\u00f6nhet\u0151en b\u00e1rhova mag\u00e1val viheti.<\/p>\n<p>A 4-\u00fctem\u0171 technol\u00f3gia \u00e1ltal biztos\u00edtott el\u0151ny\u00f6ket \u00e9lvezheti ezzel a kis hordozhat\u00f3 motorral.<\/p>\n<p>&nbsp;<\/p>\n<p><strong>Meglep\u0151en takar\u00e9kos<\/strong><\/p>\n<p>Csak\u00fagy, mint az \u00f6sszes t\u00f6bbi Honda cs\u00f3nakmotor, ez is kev\u00e9s \u00fczemanyagot ig\u00e9nyel \u00e9s olcs\u00f3 a karbantart\u00e1sa. A v\u00edzi kalandok sor\u00e1n val\u00f3sz\u00edn\u0171leg \u00d6n hamarabb szomjazik meg, mint a motorja.<\/p>\n<p>&nbsp;<\/p>\n<p><strong>Megfelel\u0151 mennyis\u00e9g\u0171 er\u0151<\/strong><\/p>\n<p>A motor l\u00e9nyegesen nagyobb henger\u0171rtartalma miatt alacsony \u00e9s k\u00f6zepes fordulatsz\u00e1mon megn\u0151 a teljes\u00edtm\u00e9ny. M\u00e9g alacsony fordulatsz\u00e1mon is egyenletesen j\u00e1r, ami lehet\u0151v\u00e9 teszi, hogy a motor mozgassa a neh\u00e9z haj\u00f3testet.<\/p>\n<\/div>\n<p>Az \u00faj fejleszt\u00e9s\u0171, 127 Cm3-es motornak k\u00f6sz\u00f6nhet\u0151en csak\u00fagy, mint az \u00f6sszes t\u00f6bbi Honda cs\u00f3nakmotor, ez is kev\u00e9s \u00fczemanyagot ig\u00e9nyel \u00e9s olcs\u00f3 a karbantart\u00e1sa. A v\u00edzi kalandok sor\u00e1n val\u00f3sz\u00edn\u0171leg \u00d6n hamarabb szomjazik meg, mint a motorja. A kompakt tervez\u00e9snek k\u00f6sz\u00f6nhet\u0151en egy 1,5 literes bels\u0151 \u00fczemanyag tart\u00e1ly ker\u00fclt be\u00e9p\u00edt\u00e9sre. K\u00fcls\u0151 tart\u00e1ly is csatlakoztathat\u00f3, ami k\u00fcl\u00f6n megv\u00e1s\u00e1rolhat\u00f3.<\/p>\n<p>&nbsp;<\/p>\n<p><strong>Buk\u00f3slussz<\/strong><\/p>\n<p>Baleset, vagy rosszull\u00e9t eset\u00e9re be\u00e9p\u00edtett v\u00e9szkapcsol\u00f3, ami a vezet\u0151h\u00f6z van kapcsolva \u00e9s v\u00edzbees\u00e9s eset\u00e9n a cs\u00f3nak\/haj\u00f3 meg\u00e1ll\u00edt\u00e1s\u00e1val nem megy tov\u00e1bb vezet\u0151 n\u00e9lk\u00fcl.<\/p>\n<p>&nbsp;<\/p>\n<p><strong>Propeller<\/strong><\/p>\n<p>A motor erej\u00e9t \u00e1tadja a v\u00edznek, \u00edgy halad\u00e1sra k\u00e9szteti haj\u00f3nkat.<\/p>\n<p><em>3 vagy 4 \u00e1g\u00fa<\/em><\/p>\n<p>8-20LE k\u00f6z\u00f6tt a gy\u00e1ri felszerel\u00e9s\u0171 propeller 4 \u00e1g\u00fa. Minden motorunkra rendelhet\u0151 t\u00f6bbf\u00e9le propeller a terhel\u00e9s f\u00fcggv\u00e9ny\u00e9ben.<\/p>\n<p><em>Alapanyag<\/em><\/p>\n<p>2,3LE-nek m\u0171anyag, a t\u00f6bbi motornak alum\u00ednium. Rendelhet\u0151 m\u00e9g rozsdamentes ac\u00e9lb\u00f3l is.<\/p>\n<p>&nbsp;<\/p>\n<p><em>Felszerel\u00e9s<\/em><\/p>\n<p>A buk\u00f3slussz elt\u00e1vol\u00edt\u00e1sa ut\u00e1n a propeller ki\u00e9kel\u00e9se ut\u00e1n elt\u00e1vol\u00edthat\u00f3 a sasszeg, majd egy megfelel\u0151 kulccsal lelaz\u00edthat\u00f3 a propeller.<\/p>\n<p>Visszaszerel\u00e9s ut\u00e1n \u00faj sasszeget haszn\u00e1ljon!<\/p>\n<p><em>Milyen esetben sz\u00fcks\u00e9ges a csere? ( t\u00f6r\u00e9s \/ reped\u00e9s)<\/em><\/p>\n<p>Reped\u00e9s, t\u00f6r\u00e9s, vagy egyenetlen \u00e9s t\u00falzott kop\u00e1s eset\u00e9n a propellert ki kell cser\u00e9lni.<\/p>\n<p>&nbsp;<\/p>\n<p><strong>Tank\u00a0<\/strong><\/p>\n<p>A benzincs\u00f6vek \u00e9s \u00fczemanyag tart\u00e1lyok k\u00fcl\u00f6nb\u00f6z\u0151 csatlakoz\u00f3kkal vannak ell\u00e1tva.<\/p>\n<p>&nbsp;<\/p>\n<p>\u00d3vakodjon a fekete importt\u00f3l! 5 \u00e9v sorsz\u00e1mozott \u00e9s hivatalosan regisztr\u00e1lt garanci\u00e1val<\/p>\n","protected":false},"excerpt":{"rendered":"<p>Hihetetlen\u00fcl praktikus Ugyanaz a motor, amely elviszi a tenger k\u00f6zep\u00e9re, bef\u00e9r az aut\u00f3j\u00e1ba! K\u00f6nny\u0171 s\u00faly\u00e1nak \u00e9s az ergonomikus hordoz\u00f3 foganty\u00fanak k\u00f6sz\u00f6nhet\u0151en b\u00e1rhova mag\u00e1val viheti. A 4-\u00fctem\u0171 technol\u00f3gia \u00e1ltal biztos\u00edtott el\u0151ny\u00f6ket \u00e9lvezheti ezzel a kis hordozhat\u00f3 motorral. &nbsp; Meglep\u0151en takar\u00e9kos Csak\u00fagy, mint az \u00f6sszes t\u00f6bbi Honda cs\u00f3nakmotor, ez is kev\u00e9s \u00fczemanyagot ig\u00e9nyel \u00e9s olcs\u00f3 a karbantart\u00e1sa. [&hellip;]<\/p>\n","protected":false},"featured_media":6147,"comment_status":"open","ping_status":"closed","template":"","meta":[],"product_brand":[],"product_cat":[85],"product_tag":[],"class_list":{"0":"post-5703","1":"product","2":"type-product","3":"status-publish","4":"has-post-thumbnail","6":"product_cat-honda-motor","8":"first","9":"instock","10":"taxable","11":"shipping-taxable","12":"purchasable","13":"product-type-simple"},"jetpack_sharing_enabled":true,"_links":{"self":[{"href":"https:\/\/csonakjavitas.hu\/index.php\/wp-json\/wp\/v2\/product\/5703","targetHints":{"allow":["GET"]}}],"collection":[{"href":"https:\/\/csonakjavitas.hu\/index.php\/wp-json\/wp\/v2\/product"}],"about":[{"href":"https:\/\/csonakjavitas.hu\/index.php\/wp-json\/wp\/v2\/types\/product"}],"replies":[{"embeddable":true,"href":"https:\/\/csonakjavitas.hu\/index.php\/wp-json\/wp\/v2\/comments?post=5703"}],"wp:featuredmedia":[{"embeddable":true,"href":"https:\/\/csonakjavitas.hu\/index.php\/wp-json\/wp\/v2\/media\/6147"}],"wp:attachment":[{"href":"https:\/\/csonakjavitas.hu\/index.php\/wp-json\/wp\/v2\/media?parent=5703"}],"wp:term":[{"taxonomy":"product_brand","embeddable":true,"href":"https:\/\/csonakjavitas.hu\/index.php\/wp-json\/wp\/v2\/product_brand?post=5703"},{"taxonomy":"product_cat","embeddable":true,"href":"https:\/\/csonakjavitas.hu\/index.php\/wp-json\/wp\/v2\/product_cat?post=5703"},{"taxonomy":"product_tag","embeddable":true,"href":"https:\/\/csonakjavitas.hu\/index.php\/wp-json\/wp\/v2\/product_tag?post=5703"}],"curies":[{"name":"wp","href":"https:\/\/api.w.org\/{rel}","templated":true}]}}