{"id":5749,"date":"2026-02-23T15:56:34","date_gmt":"2026-02-23T15:56:34","guid":{"rendered":"https:\/\/wp.csonakjavitas.hu\/index.php\/termek\/mauritsius\/"},"modified":"2026-03-18T11:59:11","modified_gmt":"2026-03-18T11:59:11","slug":"mauritsius","status":"publish","type":"product","link":"https:\/\/csonakjavitas.hu\/index.php\/termek\/mauritsius\/","title":{"rendered":"MAURITSIUS k\u00fclt\u00e9ri medence, gy\u00f6ngyh\u00e1zfeh\u00e9r"},"content":{"rendered":"<div id=\"product-49168\" class=\"post-49168 product type-product status-publish has-post-thumbnail product_cat-ujdonsagok product_cat-kulteri-medence product_cat-jakuzzik first instock taxable shipping-taxable purchasable product-type-simple\">\n<div id=\"product_details\" class=\"col\">\n<div class=\"summary entry-summary\">\n<form class=\"cart\" action=\"https:\/\/sanotechnikwebshop.hu\/termek\/mauritsius-kulteri-medence-gyongyhazfeher\/\" enctype=\"multipart\/form-data\" method=\"post\">\n<div class=\"dimensions\">\n<ul>\n<li><b>S\u00faly:\u00a0<\/b>308 kg<\/li>\n<\/ul>\n<\/div>\n<div class=\"attributes\"><\/div>\n<\/form>\n<div class=\"woocommerce-product-details__short-description\">\n<table width=\"539\">\n<tbody>\n<tr>\n<td width=\"257\"><strong>M\u0171szaki adatok<\/strong>:<\/td>\n<td width=\"282\"><\/td>\n<\/tr>\n<tr>\n<td>M\u00e9ret:<\/td>\n<td>210 x 160x 90 cm<\/td>\n<\/tr>\n<tr>\n<td>Teljes\u00edtm\u00e9ny:<\/td>\n<td>8.6 kW<\/td>\n<\/tr>\n<tr>\n<td>V\u00edzszivatty\u00fak teljes\u00edtm\u00e9nye:<\/td>\n<td>2 x 2,25 kW<\/td>\n<\/tr>\n<tr>\n<td>F\u0171t\u00e9si teljes\u00edtm\u00e9ny:<\/td>\n<td>3 kW<\/td>\n<\/tr>\n<tr>\n<td>Keringet\u0151szivatty\u00fa:<\/td>\n<td>0,35 kW<\/td>\n<\/tr>\n<tr>\n<td>Leveg\u0151szivatty\u00fa:<\/td>\n<td>0,7 kW<\/td>\n<\/tr>\n<tr>\n<td>T\u00e1pfesz\u00fclts\u00e9g:<\/td>\n<td>220-240V 50 Hz vagy 380V 50 Hz<\/td>\n<\/tr>\n<tr>\n<td>\u0170rtartalom:<\/td>\n<td>998 liter<\/td>\n<\/tr>\n<tr>\n<td><\/td>\n<td><\/td>\n<\/tr>\n<tr>\n<td>Kiz\u00e1r\u00f3lag lakoss\u00e1gi haszn\u00e1latra!<\/td>\n<td><\/td>\n<\/tr>\n<tr>\n<td>Kisz\u00e1ll\u00edt\u00e1s az els\u0151 kapuig t\u00f6rt\u00e9nik.<\/td>\n<td><\/td>\n<\/tr>\n<\/tbody>\n<\/table>\n<\/div>\n<\/div>\n<\/div>\n<\/div>\n<div class=\"product_info\">\n<div class=\"content\">\n<p>&nbsp;<\/p>\n<table width=\"537\">\n<tbody>\n<tr>\n<td width=\"81\"><strong>Jellemz\u0151k<\/strong>:<\/td>\n<td width=\"456\">h\u00e1romszem\u00e9lyes jakuzzi (2 fekv\u0151hely, 1 \u00fcl\u0151hely)<\/td>\n<\/tr>\n<tr>\n<td width=\"81\"><\/td>\n<td>gy\u00f6ngyh\u00e1zfeh\u00e9r sz\u00edn\u0171 bels\u0151 t\u00e9r<\/td>\n<\/tr>\n<tr>\n<td width=\"81\"><\/td>\n<td>71 massz\u00e1zsf\u00fav\u00f3ka<\/td>\n<\/tr>\n<tr>\n<td width=\"81\"><\/td>\n<td>4 szivatty\u00fa (2 v\u00edzszivatty\u00fa, 1 keringet\u0151szivatty\u00fa \u00e9s 1 leveg\u0151szivatty\u00fa)<\/td>\n<\/tr>\n<tr>\n<td width=\"81\"><\/td>\n<td>2 leveg\u0151 szab\u00e1lyoz\u00f3<\/td>\n<\/tr>\n<tr>\n<td width=\"81\"><\/td>\n<td>lebeg\u0151 sz\u0171r\u0151<\/td>\n<\/tr>\n<tr>\n<td width=\"81\"><\/td>\n<td>h\u0151szigetel\u00e9s<\/td>\n<\/tr>\n<tr>\n<td width=\"81\"><\/td>\n<td>\u00f3zonfert\u0151tlen\u00edt\u00e9s<\/td>\n<\/tr>\n<tr>\n<td width=\"81\"><\/td>\n<td>v\u00edzsz\u0171r\u0151 (24 h)<\/td>\n<\/tr>\n<tr>\n<td width=\"81\"><\/td>\n<td>rovar- \u00e9s lev\u00e9lcsapda<\/td>\n<\/tr>\n<tr>\n<td width=\"81\"><\/td>\n<td>digit\u00e1lis kezel\u0151panel h\u00e1tt\u00e9rvil\u00e1g\u00edt\u00e1ssal (BALBOA)<\/td>\n<\/tr>\n<tr>\n<td><\/td>\n<td>r\u00e1di\u00f3, 2 hangsz\u00f3r\u00f3,\u00a0Bluetooth<\/td>\n<\/tr>\n<tr>\n<td><\/td>\n<td>2 fejp\u00e1rna, LED vil\u00e1g\u00edt\u00e1ssal<\/td>\n<\/tr>\n<tr>\n<td><\/td>\n<td>13 LED vil\u00e1g\u00edt\u00e1s \u00e9s sarok vil\u00e1g\u00edt\u00e1s<\/td>\n<\/tr>\n<\/tbody>\n<\/table>\n<p>&nbsp;<\/p>\n<table width=\"537\">\n<tbody>\n<tr>\n<td width=\"81\"><strong>Tartoz\u00e9k<\/strong>:<\/td>\n<td width=\"456\">h\u0151szigetel\u0151 medencefed\u00e9s<\/td>\n<\/tr>\n<tr>\n<td><\/td>\n<td>l\u00e9pcs\u0151<\/td>\n<\/tr>\n<\/tbody>\n<\/table>\n<\/div>\n<\/div>\n","protected":false},"excerpt":{"rendered":"<p>S\u00faly:\u00a0308 kg M\u0171szaki adatok: M\u00e9ret: 210 x 160x 90 cm Teljes\u00edtm\u00e9ny: 8.6 kW V\u00edzszivatty\u00fak teljes\u00edtm\u00e9nye: 2 x 2,25 kW F\u0171t\u00e9si teljes\u00edtm\u00e9ny: 3 kW Keringet\u0151szivatty\u00fa: 0,35 kW Leveg\u0151szivatty\u00fa: 0,7 kW T\u00e1pfesz\u00fclts\u00e9g: 220-240V 50 Hz vagy 380V 50 Hz \u0170rtartalom: 998 liter Kiz\u00e1r\u00f3lag lakoss\u00e1gi haszn\u00e1latra! Kisz\u00e1ll\u00edt\u00e1s az els\u0151 kapuig t\u00f6rt\u00e9nik. &nbsp; Jellemz\u0151k: h\u00e1romszem\u00e9lyes jakuzzi (2 fekv\u0151hely, 1 [&hellip;]<\/p>\n","protected":false},"featured_media":6248,"comment_status":"open","ping_status":"closed","template":"","meta":[],"product_brand":[],"product_cat":[86],"product_tag":[],"class_list":{"0":"post-5749","1":"product","2":"type-product","3":"status-publish","4":"has-post-thumbnail","6":"product_cat-sanotechnik-spa","8":"first","9":"instock","10":"taxable","11":"shipping-taxable","12":"purchasable","13":"product-type-simple"},"jetpack_sharing_enabled":true,"_links":{"self":[{"href":"https:\/\/csonakjavitas.hu\/index.php\/wp-json\/wp\/v2\/product\/5749","targetHints":{"allow":["GET"]}}],"collection":[{"href":"https:\/\/csonakjavitas.hu\/index.php\/wp-json\/wp\/v2\/product"}],"about":[{"href":"https:\/\/csonakjavitas.hu\/index.php\/wp-json\/wp\/v2\/types\/product"}],"replies":[{"embeddable":true,"href":"https:\/\/csonakjavitas.hu\/index.php\/wp-json\/wp\/v2\/comments?post=5749"}],"wp:featuredmedia":[{"embeddable":true,"href":"https:\/\/csonakjavitas.hu\/index.php\/wp-json\/wp\/v2\/media\/6248"}],"wp:attachment":[{"href":"https:\/\/csonakjavitas.hu\/index.php\/wp-json\/wp\/v2\/media?parent=5749"}],"wp:term":[{"taxonomy":"product_brand","embeddable":true,"href":"https:\/\/csonakjavitas.hu\/index.php\/wp-json\/wp\/v2\/product_brand?post=5749"},{"taxonomy":"product_cat","embeddable":true,"href":"https:\/\/csonakjavitas.hu\/index.php\/wp-json\/wp\/v2\/product_cat?post=5749"},{"taxonomy":"product_tag","embeddable":true,"href":"https:\/\/csonakjavitas.hu\/index.php\/wp-json\/wp\/v2\/product_tag?post=5749"}],"curies":[{"name":"wp","href":"https:\/\/api.w.org\/{rel}","templated":true}]}}