{"id":5758,"date":"2026-02-23T15:56:35","date_gmt":"2026-02-23T15:56:35","guid":{"rendered":"https:\/\/wp.csonakjavitas.hu\/index.php\/termek\/oasis-maxi\/"},"modified":"2026-03-18T12:08:11","modified_gmt":"2026-03-18T12:08:11","slug":"oasis-maxi","status":"publish","type":"product","link":"https:\/\/csonakjavitas.hu\/index.php\/termek\/oasis-maxi\/","title":{"rendered":"OASIS MAXI k\u00fclt\u00e9ri medence K\u00c9K VAGY FEH\u00c9R"},"content":{"rendered":"<div id=\"product-27026\" class=\"post-27026 product type-product status-publish has-post-thumbnail product_cat-kulteri-medence product_cat-jakuzzik first instock downloadable taxable shipping-taxable purchasable product-type-simple\">\n<div id=\"product_details\" class=\"col\">\n<div class=\"summary entry-summary\">\n<form class=\"cart\" action=\"https:\/\/sanotechnikwebshop.hu\/termek\/oasis-maxi-kulteri-medence-kek\/\" enctype=\"multipart\/form-data\" method=\"post\">\n<div class=\"dimensions\">\n<h1 class=\"product_title entry-title\">OASIS MAXI k\u00fclt\u00e9ri medence, k\u00e9k<\/h1>\n<ul>\n<li><b>S\u00faly:\u00a0<\/b>365 kg<\/li>\n<\/ul>\n<\/div>\n<div class=\"attributes\"><\/div>\n<\/form>\n<div class=\"woocommerce-product-details__short-description\">\n<table width=\"417\">\n<tbody>\n<tr>\n<td width=\"263\"><strong>M\u0171szaki adatok<\/strong>:<\/td>\n<td width=\"154\"><\/td>\n<\/tr>\n<tr>\n<td>teljes\u00edtm\u00e9ny:<\/td>\n<td>380 V \/ 50 Hz<\/td>\n<\/tr>\n<tr>\n<td>\u00f6sszteljes\u00edtm\u00e9ny:<\/td>\n<td>6,4 kW<\/td>\n<\/tr>\n<tr>\n<td>motorok sz\u00e1ma:<\/td>\n<td>2+1<\/td>\n<\/tr>\n<tr>\n<td>massz\u00e1zsmotor teljes\u00edtm\u00e9nye:<\/td>\n<td>2x 1,5 kW<\/td>\n<\/tr>\n<tr>\n<td>v\u00edzkeringet\u0151 motor teljes\u00edtm\u00e9nye:<\/td>\n<td>2x 1,5 kW<\/td>\n<\/tr>\n<tr>\n<td>f\u0171t\u00e9s teljes\u00edtm\u00e9nye:<\/td>\n<td>3 kW<\/td>\n<\/tr>\n<tr>\n<td>s\u00faly:<\/td>\n<td>365 kg<\/td>\n<\/tr>\n<tr>\n<td><\/td>\n<td><\/td>\n<\/tr>\n<tr>\n<td>\u0171rtartalom:<\/td>\n<td>1 430 l<\/td>\n<\/tr>\n<tr>\n<td>m\u00e9ret:<\/td>\n<td>210 x 210 x 95 cm<\/td>\n<\/tr>\n<\/tbody>\n<\/table>\n<\/div>\n<\/div>\n<\/div>\n<\/div>\n<div class=\"product_info\">\n<div class=\"content\">\n<p>&nbsp;<\/p>\n<table width=\"331\">\n<tbody>\n<tr>\n<td width=\"81\"><strong>Jellemz\u0151k:<\/strong><\/td>\n<td width=\"250\">6 szem\u00e9lyes<\/td>\n<\/tr>\n<tr>\n<td><\/td>\n<td>k\u00e9k bels\u0151 t\u00e9r<\/td>\n<\/tr>\n<tr>\n<td><\/td>\n<td>48 massz\u00e1zsf\u00fav\u00f3ka<\/td>\n<\/tr>\n<tr>\n<td><\/td>\n<td>3 szivatty\u00fa<\/td>\n<\/tr>\n<tr>\n<td><\/td>\n<td>2 leveg\u0151szab\u00e1lyz\u00f3<\/td>\n<\/tr>\n<tr>\n<td><\/td>\n<td>f\u0171t\u00e9s (3 kW)<\/td>\n<\/tr>\n<tr>\n<td><\/td>\n<td>h\u0151szigetel\u00e9s<\/td>\n<\/tr>\n<tr>\n<td><\/td>\n<td>\u00f3zonfert\u0151tlen\u00edt\u00e9s<\/td>\n<\/tr>\n<tr>\n<td><\/td>\n<td>v\u00edzsz\u0171r\u0151 (24 h)<\/td>\n<\/tr>\n<tr>\n<td><\/td>\n<td>rovar- \u00e9s lev\u00e9lcsapda<\/td>\n<\/tr>\n<tr>\n<td><\/td>\n<td>digit\u00e1lis kezel\u0151panel<\/td>\n<\/tr>\n<tr>\n<td><\/td>\n<td>LED hangulatvil\u00e1g\u00edt\u00e1s<\/td>\n<\/tr>\n<tr>\n<td><\/td>\n<td>r\u00e1di\u00f3, hangsz\u00f3r\u00f3<\/td>\n<\/tr>\n<tr>\n<td><\/td>\n<td>USB csatlakoz\u00f3<\/td>\n<\/tr>\n<tr>\n<td><\/td>\n<td>3 fejp\u00e1rna<\/td>\n<\/tr>\n<tr>\n<td><\/td>\n<td>sz\u00fcrke oldalfalak<\/td>\n<\/tr>\n<\/tbody>\n<\/table>\n<p>&nbsp;<\/p>\n<table width=\"331\">\n<tbody>\n<tr>\n<td width=\"81\"><strong>Tartoz\u00e9k:<\/strong><\/td>\n<td width=\"250\">h\u0151szigetel\u0151 medencefed\u00e9s<\/td>\n<\/tr>\n<tr>\n<td><\/td>\n<td>l\u00e9pcs\u0151<\/td>\n<\/tr>\n<\/tbody>\n<\/table>\n<\/div>\n<\/div>\n<p>&nbsp;<\/p>\n<p>&nbsp;<\/p>\n<h1 class=\"product_title entry-title\">OASIS MAXI k\u00fclt\u00e9ri medence, feh\u00e9r<\/h1>\n<p>&nbsp;<\/p>\n<div id=\"product-27024\" class=\"post-27024 product type-product status-publish has-post-thumbnail product_cat-kulteri-medence product_cat-jakuzzik first instock downloadable taxable shipping-taxable purchasable product-type-simple\">\n<div id=\"product_details\" class=\"col\">\n<div class=\"summary entry-summary\">\n<form class=\"cart\" action=\"https:\/\/sanotechnikwebshop.hu\/termek\/oasis-maxi-kulteri-medence-feher\/\" enctype=\"multipart\/form-data\" method=\"post\">\n<div class=\"dimensions\">\n<ul>\n<li><b>S\u00faly:\u00a0<\/b>365 kg<\/li>\n<\/ul>\n<\/div>\n<div class=\"attributes\"><\/div>\n<\/form>\n<div class=\"woocommerce-product-details__short-description\">\n<table width=\"417\">\n<tbody>\n<tr>\n<td width=\"263\"><strong>M\u0171szaki adatok<\/strong>:<\/td>\n<td width=\"154\"><\/td>\n<\/tr>\n<tr>\n<td>teljes\u00edtm\u00e9ny:<\/td>\n<td>380 V \/ 50 Hz<\/td>\n<\/tr>\n<tr>\n<td>\u00f6sszteljes\u00edtm\u00e9ny:<\/td>\n<td>6,4 kW<\/td>\n<\/tr>\n<tr>\n<td>motorok sz\u00e1ma:<\/td>\n<td>2+1<\/td>\n<\/tr>\n<tr>\n<td>massz\u00e1zsmotor teljes\u00edtm\u00e9nye:<\/td>\n<td>2x 1,5 kW<\/td>\n<\/tr>\n<tr>\n<td>v\u00edzkeringet\u0151 motor teljes\u00edtm\u00e9nye:<\/td>\n<td>2x 1,5 kW<\/td>\n<\/tr>\n<tr>\n<td>f\u0171t\u00e9s teljes\u00edtm\u00e9nye:<\/td>\n<td>3 kW<\/td>\n<\/tr>\n<tr>\n<td>s\u00faly:<\/td>\n<td>365 kg<\/td>\n<\/tr>\n<tr>\n<td><\/td>\n<td><\/td>\n<\/tr>\n<tr>\n<td>\u0171rtartalom:<\/td>\n<td>1 430 l<\/td>\n<\/tr>\n<tr>\n<td>m\u00e9ret:<\/td>\n<td>210 x 210 x 95 cm<\/td>\n<\/tr>\n<\/tbody>\n<\/table>\n<\/div>\n<\/div>\n<\/div>\n<\/div>\n<div class=\"product_info\">\n<div class=\"content\">\n<p>&nbsp;<\/p>\n<table width=\"331\">\n<tbody>\n<tr>\n<td width=\"81\"><strong>Jellemz\u0151k:<\/strong><\/td>\n<td width=\"250\">6 szem\u00e9lyes<\/td>\n<\/tr>\n<tr>\n<td><\/td>\n<td>feh\u00e9r bels\u0151 t\u00e9r<\/td>\n<\/tr>\n<tr>\n<td><\/td>\n<td>48 massz\u00e1zsf\u00fav\u00f3ka<\/td>\n<\/tr>\n<tr>\n<td><\/td>\n<td>3 szivatty\u00fa<\/td>\n<\/tr>\n<tr>\n<td><\/td>\n<td>2 leveg\u0151szab\u00e1lyz\u00f3<\/td>\n<\/tr>\n<tr>\n<td><\/td>\n<td>f\u0171t\u00e9s (3 kW)<\/td>\n<\/tr>\n<tr>\n<td><\/td>\n<td>h\u0151szigetel\u00e9s<\/td>\n<\/tr>\n<tr>\n<td><\/td>\n<td>\u00f3zonfert\u0151tlen\u00edt\u00e9s<\/td>\n<\/tr>\n<tr>\n<td><\/td>\n<td>v\u00edzsz\u0171r\u0151 (24 h)<\/td>\n<\/tr>\n<tr>\n<td><\/td>\n<td>rovar- \u00e9s lev\u00e9lcsapda<\/td>\n<\/tr>\n<tr>\n<td><\/td>\n<td>digit\u00e1lis kezel\u0151panel<\/td>\n<\/tr>\n<tr>\n<td><\/td>\n<td>LED hangulatvil\u00e1g\u00edt\u00e1s<\/td>\n<\/tr>\n<tr>\n<td><\/td>\n<td>r\u00e1di\u00f3, hangsz\u00f3r\u00f3<\/td>\n<\/tr>\n<tr>\n<td><\/td>\n<td>USB csatlakoz\u00f3<\/td>\n<\/tr>\n<tr>\n<td><\/td>\n<td>3 fejp\u00e1rna<\/td>\n<\/tr>\n<tr>\n<td><\/td>\n<td>sz\u00fcrke oldalfalak<\/td>\n<\/tr>\n<\/tbody>\n<\/table>\n<p>&nbsp;<\/p>\n<table width=\"331\">\n<tbody>\n<tr>\n<td width=\"81\"><strong>Tartoz\u00e9k:<\/strong><\/td>\n<td width=\"250\">h\u0151szigetel\u0151 medencefed\u00e9s<\/td>\n<\/tr>\n<tr>\n<td><\/td>\n<td>l\u00e9pcs\u0151<\/td>\n<\/tr>\n<\/tbody>\n<\/table>\n<\/div>\n<\/div>\n","protected":false},"excerpt":{"rendered":"<p>OASIS MAXI k\u00fclt\u00e9ri medence, k\u00e9k S\u00faly:\u00a0365 kg M\u0171szaki adatok: teljes\u00edtm\u00e9ny: 380 V \/ 50 Hz \u00f6sszteljes\u00edtm\u00e9ny: 6,4 kW motorok sz\u00e1ma: 2+1 massz\u00e1zsmotor teljes\u00edtm\u00e9nye: 2x 1,5 kW v\u00edzkeringet\u0151 motor teljes\u00edtm\u00e9nye: 2x 1,5 kW f\u0171t\u00e9s teljes\u00edtm\u00e9nye: 3 kW s\u00faly: 365 kg \u0171rtartalom: 1 430 l m\u00e9ret: 210 x 210 x 95 cm &nbsp; Jellemz\u0151k: 6 szem\u00e9lyes k\u00e9k [&hellip;]<\/p>\n","protected":false},"featured_media":6219,"comment_status":"open","ping_status":"closed","template":"","meta":[],"product_brand":[],"product_cat":[86],"product_tag":[],"class_list":{"0":"post-5758","1":"product","2":"type-product","3":"status-publish","4":"has-post-thumbnail","6":"product_cat-sanotechnik-spa","8":"first","9":"instock","10":"taxable","11":"shipping-taxable","12":"purchasable","13":"product-type-simple"},"jetpack_sharing_enabled":true,"_links":{"self":[{"href":"https:\/\/csonakjavitas.hu\/index.php\/wp-json\/wp\/v2\/product\/5758","targetHints":{"allow":["GET"]}}],"collection":[{"href":"https:\/\/csonakjavitas.hu\/index.php\/wp-json\/wp\/v2\/product"}],"about":[{"href":"https:\/\/csonakjavitas.hu\/index.php\/wp-json\/wp\/v2\/types\/product"}],"replies":[{"embeddable":true,"href":"https:\/\/csonakjavitas.hu\/index.php\/wp-json\/wp\/v2\/comments?post=5758"}],"wp:featuredmedia":[{"embeddable":true,"href":"https:\/\/csonakjavitas.hu\/index.php\/wp-json\/wp\/v2\/media\/6219"}],"wp:attachment":[{"href":"https:\/\/csonakjavitas.hu\/index.php\/wp-json\/wp\/v2\/media?parent=5758"}],"wp:term":[{"taxonomy":"product_brand","embeddable":true,"href":"https:\/\/csonakjavitas.hu\/index.php\/wp-json\/wp\/v2\/product_brand?post=5758"},{"taxonomy":"product_cat","embeddable":true,"href":"https:\/\/csonakjavitas.hu\/index.php\/wp-json\/wp\/v2\/product_cat?post=5758"},{"taxonomy":"product_tag","embeddable":true,"href":"https:\/\/csonakjavitas.hu\/index.php\/wp-json\/wp\/v2\/product_tag?post=5758"}],"curies":[{"name":"wp","href":"https:\/\/api.w.org\/{rel}","templated":true}]}}